{"id":3039,"date":"2025-09-06T13:31:31","date_gmt":"2025-09-06T11:31:31","guid":{"rendered":"https:\/\/www.mobilfixarna.se\/?post_type=product&#038;p=3039"},"modified":"2026-02-20T14:38:59","modified_gmt":"2026-02-20T13:38:59","slug":"iphone-15-plus-skarmbyte-standard-kvalitet-incell","status":"publish","type":"product","link":"https:\/\/www.mobilfixarna.se\/index.php\/produkt\/iphone-15-plus-skarmbyte-standard-kvalitet-incell\/","title":{"rendered":"iPhone 15 Plus Sk\u00e4rmbyte \u2013 Standard kvalitet (Premium Incell)"},"content":{"rendered":"<p>Har sk\u00e4rmen p\u00e5 din iPhone 15 Plus spruckit, tappat touch-funktion eller visar konstiga f\u00e4rger? Vi erbjuder ett prisv\u00e4rt sk\u00e4rmbyte med <strong data-start=\"326\" data-end=\"352\">tredjepartssk\u00e4rm (LCD)<\/strong>\u00a0i standardkvalitet. Perfekt f\u00f6r dig som vill ha en fungerande sk\u00e4rm till l\u00e4gre pris.<\/p>\n<p>\u2139\ufe0f\u00a0<strong data-start=\"932\" data-end=\"946\">Observera:<\/strong>\u00a0Efter bytet kan ett meddelande visas i inst\u00e4llningarna om att sk\u00e4rmen inte \u00e4r en originaldel. Detta p\u00e5verkar inte telefonens funktion.<\/p>\n","protected":false},"excerpt":{"rendered":"<p>Har sk\u00e4rmen p\u00e5 din iPhone 15 Plus spruckit, tappat touch-funktion eller visar konstiga f\u00e4rger? Vi erbjuder ett prisv\u00e4rt sk\u00e4rmbyte med tredjepartssk\u00e4rm (LCD)\u00a0i standardkvalitet. Perfekt f\u00f6r dig som vill ha en fungerande sk\u00e4rm till l\u00e4gre pris. \u2139\ufe0f\u00a0Observera:\u00a0Efter bytet kan ett meddelande visas i inst\u00e4llningarna om att sk\u00e4rmen inte \u00e4r en originaldel. Detta p\u00e5verkar inte telefonens funktion.<\/p>\n","protected":false},"featured_media":3067,"comment_status":"open","ping_status":"closed","template":"","meta":[],"product_brand":[],"product_cat":[65],"product_tag":[],"class_list":{"0":"post-3039","1":"product","2":"type-product","3":"status-publish","4":"has-post-thumbnail","6":"product_cat-iphone-15-plus","8":"first","9":"instock","10":"shipping-taxable","11":"purchasable","12":"product-type-simple"},"_links":{"self":[{"href":"https:\/\/www.mobilfixarna.se\/index.php\/wp-json\/wp\/v2\/product\/3039","targetHints":{"allow":["GET"]}}],"collection":[{"href":"https:\/\/www.mobilfixarna.se\/index.php\/wp-json\/wp\/v2\/product"}],"about":[{"href":"https:\/\/www.mobilfixarna.se\/index.php\/wp-json\/wp\/v2\/types\/product"}],"replies":[{"embeddable":true,"href":"https:\/\/www.mobilfixarna.se\/index.php\/wp-json\/wp\/v2\/comments?post=3039"}],"version-history":[{"count":3,"href":"https:\/\/www.mobilfixarna.se\/index.php\/wp-json\/wp\/v2\/product\/3039\/revisions"}],"predecessor-version":[{"id":3303,"href":"https:\/\/www.mobilfixarna.se\/index.php\/wp-json\/wp\/v2\/product\/3039\/revisions\/3303"}],"wp:featuredmedia":[{"embeddable":true,"href":"https:\/\/www.mobilfixarna.se\/index.php\/wp-json\/wp\/v2\/media\/3067"}],"wp:attachment":[{"href":"https:\/\/www.mobilfixarna.se\/index.php\/wp-json\/wp\/v2\/media?parent=3039"}],"wp:term":[{"taxonomy":"product_brand","embeddable":true,"href":"https:\/\/www.mobilfixarna.se\/index.php\/wp-json\/wp\/v2\/product_brand?post=3039"},{"taxonomy":"product_cat","embeddable":true,"href":"https:\/\/www.mobilfixarna.se\/index.php\/wp-json\/wp\/v2\/product_cat?post=3039"},{"taxonomy":"product_tag","embeddable":true,"href":"https:\/\/www.mobilfixarna.se\/index.php\/wp-json\/wp\/v2\/product_tag?post=3039"}],"curies":[{"name":"wp","href":"https:\/\/api.w.org\/{rel}","templated":true}]}}