{"id":3045,"date":"2025-09-06T13:31:32","date_gmt":"2025-09-06T11:31:32","guid":{"rendered":"https:\/\/www.mobilfixarna.se\/?post_type=product&#038;p=3045"},"modified":"2026-02-22T11:18:12","modified_gmt":"2026-02-22T10:18:12","slug":"iphone-15-plus-byte-av-bakkamera","status":"publish","type":"product","link":"https:\/\/www.mobilfixarna.se\/index.php\/produkt\/iphone-15-plus-byte-av-bakkamera\/","title":{"rendered":"iPhone 15 Plus Byte av bakkamera"},"content":{"rendered":"<p>Upplever du suddiga bilder, problem med autofokus eller att kameran helt slutat fungera p\u00e5 din iPhone 15 Plus ? D\u00e5 kan bakkameran beh\u00f6va bytas ut. V\u00e5ra erfarna tekniker utf\u00f6r ett professionellt kamerabyte med h\u00f6gkvalitativa reservdelar som \u00e5terst\u00e4ller din iPhones bildkvalitet och prestanda.<\/p>\n","protected":false},"excerpt":{"rendered":"<p>Upplever du suddiga bilder, problem med autofokus eller att kameran helt slutat fungera p\u00e5 din iPhone 15 Plus ? D\u00e5 kan bakkameran beh\u00f6va bytas ut. V\u00e5ra erfarna tekniker utf\u00f6r ett professionellt kamerabyte med h\u00f6gkvalitativa reservdelar som \u00e5terst\u00e4ller din iPhones bildkvalitet och prestanda.<\/p>\n","protected":false},"featured_media":3060,"comment_status":"open","ping_status":"closed","template":"","meta":[],"product_brand":[],"product_cat":[65],"product_tag":[],"class_list":{"0":"post-3045","1":"product","2":"type-product","3":"status-publish","4":"has-post-thumbnail","6":"product_cat-iphone-15-plus","8":"first","9":"instock","10":"shipping-taxable","11":"purchasable","12":"product-type-simple"},"_links":{"self":[{"href":"https:\/\/www.mobilfixarna.se\/index.php\/wp-json\/wp\/v2\/product\/3045","targetHints":{"allow":["GET"]}}],"collection":[{"href":"https:\/\/www.mobilfixarna.se\/index.php\/wp-json\/wp\/v2\/product"}],"about":[{"href":"https:\/\/www.mobilfixarna.se\/index.php\/wp-json\/wp\/v2\/types\/product"}],"replies":[{"embeddable":true,"href":"https:\/\/www.mobilfixarna.se\/index.php\/wp-json\/wp\/v2\/comments?post=3045"}],"version-history":[{"count":3,"href":"https:\/\/www.mobilfixarna.se\/index.php\/wp-json\/wp\/v2\/product\/3045\/revisions"}],"predecessor-version":[{"id":3062,"href":"https:\/\/www.mobilfixarna.se\/index.php\/wp-json\/wp\/v2\/product\/3045\/revisions\/3062"}],"wp:featuredmedia":[{"embeddable":true,"href":"https:\/\/www.mobilfixarna.se\/index.php\/wp-json\/wp\/v2\/media\/3060"}],"wp:attachment":[{"href":"https:\/\/www.mobilfixarna.se\/index.php\/wp-json\/wp\/v2\/media?parent=3045"}],"wp:term":[{"taxonomy":"product_brand","embeddable":true,"href":"https:\/\/www.mobilfixarna.se\/index.php\/wp-json\/wp\/v2\/product_brand?post=3045"},{"taxonomy":"product_cat","embeddable":true,"href":"https:\/\/www.mobilfixarna.se\/index.php\/wp-json\/wp\/v2\/product_cat?post=3045"},{"taxonomy":"product_tag","embeddable":true,"href":"https:\/\/www.mobilfixarna.se\/index.php\/wp-json\/wp\/v2\/product_tag?post=3045"}],"curies":[{"name":"wp","href":"https:\/\/api.w.org\/{rel}","templated":true}]}}